 3956.
4
Calculate the highest common factor of 432 and 1584.
144
Calculate the highest common factor of 5300 and 212.
212
Calculate the highest common factor of 18 and 96.
6
Calculate the highest common divisor of 40 and 50.
10
What is the highest common divisor of 624 and 80?
16
What is the highest common divisor of 90 and 810?
90
Calculate the greatest common factor of 27 and 135.
27
What is the highest common divisor of 7 and 28?
7
What is the highest common factor of 31459 and 193?
193
What is the highest common divisor of 15 and 16890?
15
What is the greatest common factor of 25326 and 42?
42
What is the greatest common divisor of 50 and 6680?
10
Calculate the highest common divisor of 2744 and 616.
56
What is the greatest common divisor of 91 and 287?
7
Calculate the highest common factor of 4 and 404.
4
What is the greatest common divisor of 108 and 12?
12
Calculate the greatest common factor of 78 and 4.
2
Calculate the highest common factor of 357 and 21.
21
Calculate the highest common divisor of 679 and 28.
7
Calculate the highest common divisor of 15 and 3255.
15
Calculate the greatest common factor of 605 and 55.
55
What is the highest common factor of 118 and 2242?
118
What is the greatest common factor of 20 and 3140?
20
What is the greatest common divisor of 568 and 168?
8
What is the greatest common factor of 3 and 1170?
3
What is the greatest common divisor of 14174 and 19?
19
Calculate the greatest common divisor of 50 and 40.
10
What is the greatest common divisor of 390 and 182?
26
What is the highest common divisor of 1582 and 14?
14
What is the highest common factor of 429 and 78?
39
Calculate the highest common divisor of 48 and 4848.
48
What is the greatest common factor of 33 and 1881?
33
Calculate the greatest common factor of 2028 and 312.
156
Calculate the highest common factor of 3479 and 1136.
71
What is the greatest common factor of 172 and 56932?
172
Calculate the highest common factor of 9924 and 24.
12
Calculate the greatest common factor of 1199 and 11.
11
What is the greatest common divisor of 17 and 3349?
17
Calculate the greatest common factor of 170 and 20.
10
What is the greatest common divisor of 33 and 12309?
33
What is the highest common factor of 4 and 1750?
2
What is the greatest common divisor of 47 and 517?
47
What is the greatest common factor of 234 and 182?
26
Calculate the highest common factor of 270 and 960.
30
What is the greatest common factor of 9840 and 180?
60
Calculate the highest common factor of 65 and 13.
13
Calculate the greatest common divisor of 242 and 2266.
22
What is the greatest common divisor of 37 and 94757?
37
Calculate the highest common factor of 1539 and 2025.
81
Calculate the greatest common divisor of 391 and 69.
23
Calculate the greatest common divisor of 10 and 85.
5
What is the highest common divisor of 2050 and 82?
82
What is the highest common factor of 151 and 23405?
151
Calculate the highest common factor of 53 and 477.
53
What is the highest common divisor of 1296 and 1134?
162
What is the highest common divisor of 4578 and 294?
42
What is the highest common factor of 23 and 1748?
23
What is the highest common factor of 12 and 102?
6
What is the greatest common factor of 350 and 28?
14
Calculate the highest common divisor of 44 and 2794.
22
What is the highest common factor of 57 and 152?
19
What is the greatest common factor of 54 and 522?
18
Calculate the greatest common divisor of 182 and 1078.
14
What is the greatest common divisor of 455 and 325?
65
Calculate the highest common divisor of 7315 and 22.
11
Calculate the greatest common factor of 440 and 176.
88
What is the greatest common factor of 3175 and 508?
127
Calculate the highest common factor of 2210 and 130.
130
Calculate the highest common factor of 793 and 122.
61
What is the greatest common factor of 763 and 14?
7
What is the greatest common divisor of 46 and 8809?
23
Calculate the greatest common factor of 987 and 21.
21
Calculate the greatest common divisor of 30 and 2385.
15
What is the greatest common factor of 9844 and 460?
92
What is the greatest common divisor of 10747 and 11?
11
Calculate the highest common factor of 24 and 86.
2
Calculate the highest common factor of 2715 and 60.
15
Calculate the greatest common factor of 323 and 34.
17
What is the highest common factor of 174 and 98?
2
Calculate the greatest common divisor of 133 and 49.
7
Calculate the greatest common factor of 10 and 46.
2
What is the highest common factor of 16624 and 8?
8
Calculate the highest common divisor of 2675 and 214.
107
What is the greatest common divisor of 1054 and 2?
2
Calculate the greatest common divisor of 341 and 176.
11
What is the greatest common divisor of 53 and 16?
1
Calculate the greatest common divisor of 36 and 9972.
36
Calculate the greatest common factor of 44 and 253.
11
Calculate the highest common factor of 78 and 6.
6
What is the highest common divisor of 5096 and 78?
26
Calculate the highest common factor of 253 and 704.
11
Calculate the greatest common divisor of 4 and 100.
4
Calculate the greatest common factor of 1976 and 78.
26
What is the greatest common factor of 12172 and 68?
68
Calculate the highest common divisor of 2542 and 62.
62
Calculate the greatest common factor of 64 and 64.
64
What is the highest common divisor of 138 and 120?
6
Calculate the greatest common factor of 884 and 208.
52
What is the highest common factor of 22487 and 398?
199
What is the greatest common factor of 611 and 752?
47
What is the greatest common divisor of 13 and 767?
13
What is the greatest common factor of 132 and 26004?
132
What is the greatest common factor of 7749 and 63?
63
What is the highest common factor of 2780 and 640?
20
What is the highest common factor of 140 and 644?
28
What is the highest common factor of 675 and 17100?
225
What is the greatest common divisor of 23 and 92?
23
What is the greatest common factor of 1224 and 1683?
153
Calculate the greatest common divisor of 1008 and 819.
63
Calculate the highest common divisor of 7290 and 10.
10
What is the greatest common divisor of 2747 and 123?
41
Calculate the highest common divisor of 11 and 2.
1
What is the highest common factor of 15 and 555?
15
What is the highest common factor of 43 and 1075?
43
Calculate the greatest common divisor of 33 and 2409.
33
What is the greatest common divisor of 864 and 1836?
108
Calculate the highest common factor of 22 and 275.
11
Calculate the greatest common factor of 62 and 8277.
31
What is the highest common factor of 5 and 45?
5
What is the highest common divisor of 39 and 897?
39
What is the greatest common factor of 27 and 783?
27
What is the greatest common factor of 176 and 48?
16
Calculate the greatest common divisor of 16 and 152.
8
Calculate the highest common divisor of 784 and 3724.
196
Calculate the greatest common divisor of 60 and 1700.
20
Calculate the greatest common divisor of 160 and 2840.
40
Calculate the highest common factor of 51 and 221.
17
Calculate the greatest common divisor of 75 and 2225.
25
Calculate the highest common factor of 1334 and 345.
23
What is the greatest common factor of 979 and 33?
11
What is the greatest common factor of 35 and 25?
5
Calculate the greatest common divisor of 108 and 3522.
6
What is the greatest common factor of 84 and 280?
28
What is the highest common factor of 2709 and 567?
63
What is the highest common factor of 893 and 247?
19
Calculate the greatest common factor of 2299 and 19.
19
What is the highest common factor of 17780 and 28?
28
What is the highest common factor of 9120 and 270?
30
Calculate the highest common factor of 69 and 115.
23
What is the greatest common divisor of 13 and 2483?
13
Calculate the greatest common factor of 272 and 80.
16
What is the highest common divisor of 18 and 261?
9
Calculate the highest common factor of 511 and 21.
7
Calculate the highest common factor of 816 and 34.
34
What is the greatest common divisor of 159 and 212?
53
Calculate the greatest common factor of 417 and 278.
139
What is the greatest common factor of 6 and 4?
2
What is the greatest common factor of 550 and 250?
50
Calculate the highest common divisor of 161 and 23.
23
Calculate the highest common divisor of 99 and 44.
